*b + j, b + j = -j + p. What is the greatest common factor of 36 and b?
12
Let b be (150/18 - 11)*(-78)/4. Calculate the highest common divisor of 4 and b.
4
Let z be (1 - (481 + -5)/(-4)) + 1. What is the greatest common factor of z and 44?
11
Suppose 2*w + 1 - 7 = 0, -5*o + 126 = 2*w. Let b = o - 7. What is the greatest common factor of b and 85?
17
Suppose -21*p + 22 = -16*p + 2*m, 5*p - 5*m = 15. What is the greatest common divisor of p and 12?
4
Let k = -264 + 308. Calculate the highest common factor of k and 11.
11
Suppose 2*d + 4*q + 318 = 5*d, 0 = 4*q - 12. Calculate the highest common divisor of 20 and d.
10
Suppose -2*v = -4*v + 3*z + 597, 0 = -5*z + 5. Suppose -5*k + 125 + v = 0. Let p be 32 + 3 + (-3)/3. What is the greatest common factor of p and k?
17
Suppose -4*w - 3*j = -53, -3 - 8 = -w - 3*j. Let y(l) = -2*l**3 - 8*l**2 - 4*l. Let q be y(-5). What is the greatest common factor of w and q?
14
Suppose 5*m = 6 + 34. Let p = m + -6. Suppose -l = -1 - p. What is the highest common divisor of 27 and l?
3
Let c = 11 - 8. Suppose 4*p = 2*q - 24, 2*q = -c*q - 5*p + 45. What is the highest common factor of q and 30?
10
Let v be (-22 - -37) + 4/2. What is the highest common factor of 4 and v?
1
Let z(y) = -6*y + 11. Let s be z(-7). What is the greatest common factor of s and 53?
53
Let s = -681 - -1106. What is the highest common divisor of s and 75?
25
Let u(m) = 60*m + 240. Let n be u(-1). Let r = 4 + -3. Let p(g) = 20*g**2. Let o be p(r). What is the greatest common factor of n and o?
20
Let j(t) = 11*t**2 - 6*t - 1. Let y be j(3). Let n = -4 - -6. Suppose -n*w + 0*w = -y. What is the highest common divisor of 5 and w?
5
Suppose 4*d + 26 = -3*y, -4*y + 3*d + 3 + 4 = 0. Let n(h) = 7*h + 3. Let g be n(y). Let i = -5 - g. What is the highest common divisor of i and 4?
2
Suppose 5*k - 2*z - 67 = 0, 3*z + 45 = 5*k - 23. What is the greatest common factor of k and 611?
13
Let s = -112 - -192. What is the highest common divisor of 200 and s?
40
Let g be (-8)/(-28) - 78/(-21). Suppose -4*i = g*x - 936, 0 = x - i - 0*i - 228. Calculate the greatest common factor of x and 21.
21
Suppose b - 4 = -3*t + 18, -3*b - t = -26. Suppose 142*s - 137*s - 5 = 0. Calculate the highest common factor of s and b.
1
Let p(w) = -w**3 - 43*w**2 - 89*w + 33. Let j be p(-41). What is the highest common divisor of 60 and j?
20
Suppose 4*m = -16, 3*m = -2*d - 0*m - 12. Suppose s + s = d. Suppose -2*g + s*g = -18. Calculate the greatest common divisor of g and 99.
9
Let d = 200 - 8. What is the highest common factor of 24 and d?
24
Suppose 1134 = 93*w - 84*w. What is the highest common divisor of 42 and w?
42
Suppose -2*t - 63 = -107. Calculate the highest common factor of 154 and t.
22
Suppose 242 = 2*y + 70. What is the highest common factor of 774 and y?
86
Let k(y) = -y**2 + 24*y + 11. Suppose -2*b + 2*j + 50 = 0, -3*b + 71 = 3*j - 2*j. Let c be k(b). Calculate the greatest common divisor of 55 and c.
11
Let n = -14 + 16. Let p(d) = 0*d + 7*d**n + d**3 - 3*d - d - 5. Let o be p(-7). What is the highest common factor of 138 and o?
23
Suppose -6 + 2 = -2*m. Let t(c) = 7*c - 5*c**m - 3*c**3 + 4 + 15*c**2 + 4*c**3. Let j be t(-9). What is the highest common divisor of j and 242?
22
Let j(r) = r**2 + r**2 + 5 + 47*r**3 - 6. Let h be j(1). Suppose -1423 + 706 = -16*a + 1203. What is the highest common factor of h and a?
24
Let p(y) = -y - 8. Let k be -9 - (-1*3)/(-3). Let x be p(k). Suppose 3*a - 52 = 14. What is the greatest common factor of a and x?
2
Suppose -1059 = -g - 1041. Calculate the greatest common divisor of 366 and g.
6
Suppose 2*k - 3*k + 20 = 5*j, -j = 3*k - 18. Suppose 3*a - 4*a = -j. Let l = 23 - 2. What is the highest common divisor of a and l?
3
Let f = 11 + 37. Suppose -2*p + 1 = -3. Suppose p*v - f = -b + 3*v, 0 = -3*b - 5*v + 176. Calculate the highest common divisor of b and 78.
26
Suppose -23*i = -20*i - 81. Let p = -16 + i. What is the greatest common factor of p and 1?
1
Suppose -5*y = -3*y - 88. Suppose -4*p - 3*x = -0*p - y, -5*p + 78 = -2*x. Let r be (44/5)/(4/70). What is the highest common divisor of p and r?
14
Let h(m) = 8*m**2 + 5*m - 1. Let x be h(4). Suppose 546 = 12*f + 14*f. What is the highest common divisor of f and x?
21
Let y be ((-2)/(-5) + (-12)/(-20))*-18. Let p be (-28)/6*9*y/21. What is the highest common factor of p and 54?
18
Let x = 84 - 18. Let l(p) = -4*p - 6. Let j be l(-6). Suppose -11*n + 14*n - j = 0. What is the highest common factor of x and n?
6
Suppose -2*q = 5*n - 1 - 10, 5*n - 2 = q. Suppose 2*v = -2*v - 8. Let l = 4 - v. Calculate the highest common factor of l and q.
3
Suppose -z - 18 = -23. Suppose z*x - 8*x = 21. Let i(d) = -d**3 - 6*d**2 + 6*d - 2. Let r be i(x). Calculate the greatest common factor of r and 15.
5
Suppose -24*d + 9*d + 1500 = 0. Calculate the highest common divisor of d and 12.
4
Suppose 3*r - 566 = -4*z + 8*r, 3*z - 4*r - 424 = 0. What is the greatest common divisor of 117 and z?
9
Let z(y) = -y**2 - 3*y + 10. Suppose 6*r - 3*r + 9 = 4*a, -9 = 4*a + 3*r. Let b be z(a). What is the highest common factor of b and 15?
5
Suppose 6*x = 10 + 14. Suppose x*j = -5*t + 475, 5*j = -3*t - 0*j + 298. Calculate the highest common factor of t and 7.
7
Let y = 44 - 34. Suppose 108 = -6*r + y*r. Calculate the greatest common divisor of 108 and r.
27
Let y = 75 - 32. Let h = y - 22. What is the greatest common divisor of 14 and h?
7
Let m be (-434)/(-12) - 1*5/30. Calculate the greatest common factor of 90 and m.
18
Suppose -42*k + 2900 = -13*k. Let g be (-201)/(-5) - 5/25. Calculate the greatest common divisor of g and k.
20
Let f be (3 + -4)/((-1)/2). Suppose f*g + g = 15. Let z = 31 - 26. What is the greatest common factor of z and g?
5
Let v be 1/5 - 10/50. Let d be v/(4/(-4)) - -4. Calculate the highest common factor of d and 28.
4
Let b(n) = -n**2 + 32*n - 156. Let h be b(23). Calculate the greatest common factor of h and 18.
3
Suppose -5*x = 5*q - 55, -2*x - 5*q - 37 = -47. Let i = -251 + 386. What is the greatest common divisor of i and x?
15
Suppose 0 = -6*o + 1402 - 1108. What is the greatest common factor of 91 and o?
7
Let g(b) = -b**2 - 18*b - 67. Let j be g(-11). What is the highest common divisor of j and 130?
10
Let s be -9 + 948/108 + 544/18. Let h = 9 - -6. What is the highest common divisor of h and s?
15
Suppose 5*m = 275 + 400. Suppose 5*f - 150 = -5*o, 2*f + 199 - 232 = -o. What is the highest common divisor of o and m?
27
Let z be (34/(-4))/((-117)/18 + 6). Let g be (136/6)/((-4)/(-6)). Calculate the greatest common factor of z and g.
17
Suppose -3*b - 31 = -55. Suppose -b*w + 12*w = 36. What is the greatest common factor of 45 and w?
9
Let u(d) = 4*d**2 + 2. Let b be u(1). Suppose 0 = -0*q + b*q - 1188. Calculate the highest common divisor of q and 18.
18
Suppose 14*k - 398 = -286. Let x be ((-168)/30)/(1/(-10)). What is the highest common factor of k and x?
8
Let j be -2 - (-3)/(-1 - -4). Let o be j/(2/(-4)) - -440. Suppose 4*a = -a - 2*h + o, 0 = 2*h - 2. What is the highest common divisor of a and 22?
22
Let k = -28 - -29. Suppose 3*p + 2 + 4 = 0. Let y be (k/p)/(2/(-24)). What is the highest common factor of y and 42?
6
Let j = 2034 - 3019. Let o = -607 - j. Calculate the greatest common divisor of o and 42.
42
Let u = 38 - 36. Let c be (-8)/4 + (19 - 1). What is the greatest common divisor of c and u?
2
Let z = -347 + 437. Calculate the highest common factor of z and 585.
45
Let x = 627 - 595. Calculate the highest common factor of x and 72.
8
Suppose t + 58 = -70. Let l be t/(-12) + (-4)/6. What is the highest common factor of 20 and l?
10
Let j be ((-4)/(-7))/(10/35). Let b = j + 1. Calculate the greatest common divisor of 33 and b.
3
Let w be 364/2 + -1 + 0. Suppose -2*a + 5*j - w = -4*a, -4*j = 5*a - 461. What is the highest common divisor of a and 31?
31
Suppose 11*b = -2*u + 6*b + 1927, 3*u = -5*b + 2893. What is the highest common factor of u and 42?
42
Suppose -3*b + 6 = -36. Let z be ((-864)/(-720))/(4/70). Calculate the greatest common divisor of b and z.
7
Suppose d + 2*r = 5, -4*d - 3*r = r - 40. Suppose 27 = 4*p + 3*c, 5*p - 2*c - 2 = p. What is the greatest common factor of d and p?
3
Suppose 0 = -4*z - 242 + 754. Let u be 4/8*6 - (0 + -2). Suppose -u*f =